+ -5 - -15).
-11
(14 - (40 - 9) - -13) + -24
-28
What is the value of -6 - 0 - 5 - (-24 + -3 + 0)?
16
What is the value of 6 + -38 + 24 + -1 + (1 - 6)?
-14
Evaluate 22 - 7 - (-30 - -35).
10
Calculate (2 - 3) + -4 - (-190 - -154).
31
-1 + (1 - 2) + (-16 - -21)
3
What is the value of -30 + 44 + 2 + 1 + -1 + -4?
12
Calculate -3 + (14 + -25 - -41) - (4 + -2).
25
Calculate 8 + (30 - 33) + (-1 - 2) + 3.
5
Calculate -1 + -2 + 5 + 6.
8
What is the value of 14 + (27 - (20 + -17 + 13))?
25
What is 5 - (1 + (-12 - (9 - 0)) - 8)?
33
Calculate -2 - (27 + -8 - 17).
-4
168 - 205 - (-1 - 1) - -10
-25
What is (-4 - (-5 + -2 - -1)) + 82 + -85?
-1
3 + (-9 + 28 - (12 + 2))
8
-1 + -8 + (-3 - (-13 + -10))
11
What is the value of 2 + -1 + (59 - 14) + -34?
12
What is (-3 - 8) + -5 + 13?
-3
Evaluate -20 - -32 - (0 + -2).
14
(-2 - (-13 - -9)) + 2 + 5
9
Calculate 10 + -6 + 8 + (11 - 8).
15
43 + -1 - (-5 + 32)
15
Evaluate (0 - 1) + 3 + 41 + -43.
0
(-13 - 14) + 10 - ((0 - 6) + -2)
-9
Calculate -14 + (15 + -24 - -16).
-7
What is the value of (-7 + 0 - -2) + (5 - 11) + 0?
-11
What is the value of -4 + (1 - -12 - (-87 - -84)) + -6?
6
Evaluate -16 + -9 + (0 - -7 - 4) + -1.
-23
What is the value of (11 - -2 - 2) + 332 + -356?
-13
What is the value of (-1 - 0) + (-12 - -14) + -9?
-8
Calculate (9 + -21 - 17 - -20) + -1 + 36.
26
Evaluate 19 + (3 + -11 + 0 - (0 + 3)).
8
What is -3 - (1 - 15 - (-122 + 112))?
1
What is (0 - -8) + -41 + 41?
8
What is -18 - (-17 - -9) - -17 - -10?
17
Evaluate 17 + -1 + 0 + -624 + 616 - 39.
-31
Evaluate -24 + (1 - -5) - -7.
-11
Evaluate -1 + 9 - (-10 + 19 + -10).
9
Calculate -4 + -9 + 7 + (-6 - -10).
-2
Evaluate 1723 + -1711 + -1 + -11.
0
Calculate 13 + (-119 + 114 - (1 - 0)).
7
What is the value of -3 + 4 - 11 - -2 - (-3 - -6)?
-11
Calculate 9 + (2 - (-4 - (6 + -7 + 0))).
14
Calculate (4 - -3) + 15 - (8 + -7 + -3).
24
0 + (16 - 2) + -83 + 80
11
Evaluate 6 - (-11 + (-8 - -11)) - 2.
12
Calculate -27 - (0 - (-11 + 24) - 2).
-12
Calculate (8 + -1 - 8) + 2 + (18 - 1).
18
What is the value of -19 + 2 + 19 + -5?
-3
11 + (18 - -8 - (2 + 1 + 5))
29
Calculate (-10 - 18) + 1 - -8.
-19
Calculate 17 + 10 + 11 + -10.
28
Evaluate -449 + 444 - (-1 + 1 - 5) - 0.
0
Calculate -2 + 1 + 3 - (22 + -1 - 6).
-13
Evaluate 2 - (-160 - -164 - (-34 + 1)).
-35
What is the value of 4 + -2 + -15 - (-12 - (-8 - -1))?
-8
What is the value of 281 - 305 - (-17 + -1)?
-6
What is the value of 1 + (-2 - -11 - -3 - (41 - 36))?
8
(-4 - -7) + -13 + (-2 - (2 - -6))
-20
Evaluate -112 + 121 + 1 + 12.
22
Calculate -1 + -4 - (0 + 6 - (0 + 6)).
-5
What is -4 - -10 - (-3 + 15 + (-8 - -8))?
-6
What is 100 + -78 - (10 + 0) - -3?
15
What is the value of (16 - -4) + -8 - (-4 + -23 + 6)?
33
What is 3 - (5 + -3) - (-16 - -6 - -8)?
3
-4 + -5 - -20 - 10 - 9
-8
-4 + (-2 - -1) - (5 + -13 + 4)
-1
What is 3 - (-16 - -13) - (5 + -4)?
5
What is -5 + -4 + -6 + 9?
-6
(12 + 0 - (-10 + 5 - -9)) + 8
16
-2 + (0 - 2) + -27 + 3 + 23
-5
Evaluate -7 - ((-1 - (0 + 6 + -1)) + -15).
14
What is the value of -8 - (-51 - -33 - 17)?
27
What is the value of -15 - (3 + -5 - (-1 - (8 - 8)))?
-14
What is the value of (10 - 2) + (-10 + -1 - 11)?
-14
What is (0 - -3) + (17 - 13 - -2)?
9
What is the value of (-3 - 0 - -4) + 7 + 7?
15
Evaluate 0 + 7 + (-3 - (10 - 11 - -2)).
3
Calculate ((-5 - 7) + -2 + -1 - -6) + 4.
-5
(-88 - -87) + 6 + 11
16
What is the value of -4 + 0 - ((-24 - 1) + -167 + 184)?
4
5 + 2 + -1 + 2 + -8
0
Calculate -499 - -471 - (-2 - 0 - 5).
-21
What is the value of -66 - -42 - -31 - (-5 + -1)?
13
-7 + 1 + (110 - 88 - 29)
-13
17 - (-23 - (23 + -44))
19
Calculate (-1 - 1) + (10 + -5 - -6).
9
Calculate 10 - 0 - (67 + -64).
7
What is the value of 18 + -25 - (-12 + 3)?
2
Evaluate 0 + 4 + -48 + 32 - 14.
-26
Evaluate -1 - (7 - (-3 + (20 - 10) + 3)).
2
Calculate 21 - (-3 - -41) - (-12 + -2 + 4).
-7
What is the value of 7 + -1 + 76 + -105 + 44?
21
Calculate 12 + 0 - (1 + 8 - 4).
7
(-18 - -6) + -48 + 30 + -10
-40
What is the value of -16 - (12 + 9 + -13 + -6)?
-18
What is the value of (-14 - 3) + 17 - 4 - -7?
3
Evaluate -37 - (9 + 5 + 3 + 2 + -30).
-26
(-25 - -54) + (-42 - 1)
-14
-8 - ((9 - 18 - -2) + 1) - 18
-20
Evaluate -5 + (-7 + -12 - -13 - (1 + -4)).
-8
What is -3 + -6 + -3 + -9?
-21
What is -16 + 3 + 18 - (-5 - 2)?
12
Evaluate 4 + (-2 - 0) + 16 + -9.
9
24 + (-9 - 5) + 0 + 10
20
What is the value of 15 + -2 + -19 + -20?
-26
Calculate 1 - 1 - (-3 + 0 + -36 + 43).
-4
What is the value of (47 - 58) + -1 + 2?
-10
What is the value of 13 + -9 + -3 + -5 + -2 + 4?
-2
-9 + 8 + -24 + -6 + -1 + 4
-28
What is the value of -18 + 37 + (-5 - 2)?
12
Calculate (-8 - 0) + 4 + 2 + 8 + 12.
18
What is the value of -1 + -6 + 61 + -53 + -1?
0
What is the value of -1 - (17 - -1) - (-346 - -339)?
-12
What is the value of 25 + (-3 - (7 + -5 - (-7 + 8)))?
21
Evaluate (1 - 35) + (87 - (-1 - -78)).
-24
What is -7 - (-63 + 28 - 3)?
31
What is the value of (0 - -2) + -2 - (-10 + 1)?
9
What is the value of 4 + (19 - 38) - (-2 - 6)?
-7
What is the value of 2 - ((1 - -8) + (109 - 150))?
34
What is the value of (-4 - 3) + 14 + -2 + (-10 - 17)?
-22
What is the value of 85 - 90 - (-1 + 1 + 1)?
-6
Evaluate -1 - 6 - (-18 + 5 - (26 + -65)).
-33
-5 + -1 - (5 + -2)
-9
What is the value of 14 - ((4 - (4 + 9)) + 15)?
8
Evaluate 8 + (-19 - (1 - 10) - (4 + -7)).
1
Calculate -2 + (2 + -2 - -10) + (1 - -2).
11
What is 6 + -12 + (-2 - (2 + -6)) + -2?
-6
9 + -46 + 8 - -20
-9
Evaluate -6 + (7 - 3) - (-4 - -13 - 3).
-8
Evaluate -14 + -6 + 8 + 15.
3
What is the value of (9 - -3) + -38 + 10?
-16
What is -11 + 19 + -40 - -34?
2
Evaluate 18 + -2 - (284 + -246).
-22
What is the value of 28 + -1 - (-15 + -2 + (-1 - -17))?
28
Calculate (9 - (9 + -1 - 0)) + 3.
4
Evaluate 10 - (16 + (-34 - -57)).
-29
What is the value of -5 + (-1 - (-5 - 7) - (7 + 0))?
-1
Evaluate 18 + 13 + -11 + (-8 - -11).
23
Evaluate -18 + (9 - (-8 - (-6 - -4 - 11))).
-14
Evaluate -30 - (-3 - -1) - (111 + -120).
-19
What is 13 + (-7 + 11 - 15) + 9 - -4?
15
3 + 14 + (183 - 223)
-23
Calculate (0 - -4) + 4 + -9 + 12.
11
Evaluate -12 - (2 + 20 + -12) - (0 + -8).
-14
14 - (15 + 2 + -9)
6
What is the value of 8 + (-16 - -30 - 10) + (0 - 9)?
3
What is the value of (-41 - -29) + 5 + 7?
0
What is 8 + (14 - (-7 + -4 - -16))?
17
Evaluate 8 + 23 + -33 - (-7 + (-1 - -1)).
5
Evaluate 20 + (-3 - -8) + -4.
21
Calculate (-28 - (-2 + -16)) + (2 - -3) - 5.
-10
Evaluate (55 - 52) + (2 - (2 - 3)).
6
Evaluate 1 + -5 + 9 + 3 + 0.
8
What is 11 + 1 + 1 + (16 - 6)?
23
What is (-3 - -5) + -16 - (-10 + 2 + 1)?
-7
Evaluate -4 + (-1 - 10 - -15) + -3 + -9.
-12
Calculate 0 - (-18 + 13) - 0.
5
Evaluate (28 - -3) + 0 - (-28 + -20 + 40).
39
What is the value of -1 + 15 - (3 - -4 - 29)?
36
What is 42 - (1 - (-55 + 11))?
-3
Evaluate 29 + -3 - (163 - 129).
-8
Evaluate 13 + (-13 - (5 + -6)) + 4 + 14.
19
What is (71 - 77) + (0 - (0 + 0))?
-6
3 - 9 - (-11 - -33 - 10)
-18
-57 + 18 + 46 - -17
24
What is 10 - ((-11 - -14) + -3)?
10
What is the value of (9 - -2 - 15) + -2 - 4?
-10
What is -10 + 5 + 6 + (22 - 6) + -9?
8
What is the value of 16 + (23 - (32 - 10))?
17
Calculate (-6 - 17) + 11 + 10 - -8.
6
1 - (4 + -15 - -12)
0
-35 - (5 - (12 + (-12 - -11)))
-29
(422 - 426) + 27 + -1
22
Calculate (1 + (10 - -4) - 28) + 14.
1
Evaluate -6 - (-11 + 27 + -28).
6
(17 - 29) + 3 + (-5 - -4)
-10
Calculate 4 + -1 - (-20 - 3).
26
Calculate (-1 - ((-4 - -9) + -12)) + 11 + -1.
16
What is the value of (-25 - -17) + 7 + 1 + -2 + -11?
-13
Calculate 1 + -11 - (-12 + 8 + -12 + 22).
-16
Calculate -10 + 16 + 3 + (11 - (-2 - -7)).
15
(-7 - -28 - 18 - 13) + 23
13
Evaluate (3 - (-2 + 0)) + (90 - 103).
-8
What is (3 - -5) + -16 + -12 + -1?
-21
(-4 - -8) + (4 - (-5 + 40 - 4))
-23
What is the value of -18 - ((0 - 1) + (-19 - (-3 - 18)))?
-19
Evaluate (-2 - 0 - (-3 + -1)) + (-18 - -22).
6
What is 20 + -3 + 24 + -47 + (-3 - -16)?
7
What is 17 + (-3 - (7 - -1)) + -26?
-20
6 + -13 - -13 - 18 - (-3 + 1)
-10
What is 32 - (-21 + 3 + 30 - 1)?
21
What is 52 + 0 + 0 + (-896 - -880)?
36
What is 2 - 6 - (6 + -11 + 7)?
-6
-6 - (19 - 18 - (-1 - -1) - 26)
19
What is 2 + 34 + 171 + -215?
-8
(-1 - (0 + 20)) + 34
13
Evaluate 0 + -3 - (7 + 2 + -5 + -3).
-4
-15 + (4 - -11) - 8
-8
What is the value of 23 + -1 - (-3115 + 3137)?
0
What is (-174 - -178) + (11 - 7 - -2)?
10
Calculate 2 - (6 + 3 + 1 + -7).